 72611?
1771
What is the highest common factor of 50648 and 104?
104
Calculate the greatest common divisor of 88056 and 45251.
1223
Calculate the greatest common divisor of 407856 and 87.
87
Calculate the greatest common factor of 1067949 and 54.
9
Calculate the highest common factor of 167717 and 79.
79
Calculate the highest common factor of 6992 and 11132.
92
Calculate the highest common divisor of 45 and 80875.
5
Calculate the highest common divisor of 497 and 91.
7
Calculate the highest common divisor of 73304 and 11781.
1309
Calculate the greatest common divisor of 1145352 and 2184.
312
Calculate the highest common factor of 24 and 65432.
8
Calculate the greatest common factor of 165625 and 265.
265
What is the greatest common factor of 43 and 1572209?
43
What is the highest common divisor of 1 and 5681?
1
What is the greatest common divisor of 983117 and 95?
19
Calculate the highest common factor of 3526 and 731.
43
Calculate the greatest common factor of 4405 and 95.
5
Calculate the greatest common divisor of 5781 and 1504.
47
Calculate the greatest common divisor of 257718 and 12.
6
What is the greatest common divisor of 5525 and 100555?
1105
Calculate the highest common divisor of 38232 and 17496.
648
What is the highest common divisor of 840078 and 32994?
2538
Calculate the highest common factor of 116029 and 261.
29
What is the highest common factor of 258451 and 8993?
391
Calculate the highest common factor of 322 and 9450.
14
What is the highest common factor of 231 and 40502?
77
What is the greatest common divisor of 559 and 338?
13
What is the highest common factor of 617259 and 61?
61
What is the greatest common divisor of 897 and 427050?
39
What is the greatest common divisor of 1038954 and 348?
174
What is the greatest common divisor of 318 and 295581?
159
What is the greatest common divisor of 206 and 127102?
206
Calculate the highest common divisor of 19062 and 3969.
27
Calculate the highest common divisor of 44206 and 186.
62
Calculate the greatest common divisor of 9316 and 1772.
4
Calculate the highest common factor of 69 and 2056361.
23
Calculate the highest common factor of 392 and 150752.
56
Calculate the highest common divisor of 195076 and 16.
4
What is the highest common divisor of 10965 and 2537?
43
Calculate the highest common divisor of 111 and 30669.
3
Calculate the highest common divisor of 2348 and 7817666.
1174
What is the highest common divisor of 324644 and 3516?
1172
Calculate the greatest common factor of 40400 and 80.
80
Calculate the greatest common divisor of 543 and 93.
3
What is the greatest common factor of 3 and 1001?
1
What is the highest common divisor of 1357 and 2162?
23
What is the highest common factor of 1204 and 14405?
43
What is the greatest common factor of 49175 and 21?
7
What is the greatest common divisor of 32768 and 448?
64
Calculate the greatest common factor of 1704 and 740317.
71
What is the highest common factor of 40 and 1201920?
40
What is the highest common divisor of 256992 and 192?
96
What is the greatest common factor of 1106 and 491617?
553
What is the greatest common divisor of 24488 and 144?
8
Calculate the highest common divisor of 10 and 639470.
10
Calculate the highest common factor of 4256 and 17696.
224
What is the highest common divisor of 2891 and 9499?
413
Calculate the greatest common divisor of 199848 and 2244.
132
Calculate the highest common factor of 96533 and 37.
37
What is the highest common factor of 425 and 13050?
25
What is the highest common divisor of 68092 and 7308?
116
Calculate the highest common factor of 10472 and 34867.
119
Calculate the highest common factor of 348 and 24468.
12
Calculate the greatest common divisor of 314032 and 12.
4
Calculate the greatest common divisor of 707 and 77.
7
What is the highest common divisor of 57233 and 117128?
1331
Calculate the greatest common divisor of 3559172 and 124.
124
Calculate the greatest common factor of 18 and 60264.
18
What is the highest common divisor of 1433677 and 763?
763
What is the greatest common factor of 12 and 1982748?
12
Calculate the highest common factor of 85 and 1442705.
85
Calculate the greatest common factor of 770718 and 5784.
1446
What is the greatest common divisor of 5916 and 183831?
87
Calculate the greatest common divisor of 2962 and 3558843.
1481
What is the greatest common divisor of 80798 and 142?
142
Calculate the greatest common factor of 6829 and 9.
1
Calculate the highest common divisor of 2523 and 29406.
87
What is the greatest common divisor of 44832 and 128?
32
Calculate the highest common divisor of 632511 and 792.
99
What is the greatest common factor of 660 and 248790?
30
What is the highest common factor of 22 and 6078?
2
Calculate the highest common factor of 741317 and 14671.
863
What is the greatest common divisor of 1236 and 102279?
309
What is the highest common divisor of 44 and 637648?
44
What is the greatest common factor of 79 and 22391?
1
Calculate the highest common divisor of 150257 and 1048.
131
Calculate the highest common factor of 28 and 2947.
7
What is the greatest common divisor of 6394 and 414?
46
Calculate the greatest common factor of 62 and 20987.
31
Calculate the greatest common divisor of 22968 and 88506.
198
Calculate the highest common divisor of 4725 and 567.
189
Calculate the greatest common divisor of 4510 and 80.
10
What is the greatest common factor of 152859 and 27405?
609
What is the highest common divisor of 3255688 and 304?
152
What is the greatest common factor of 775 and 223045?
155
What is the highest common divisor of 99246 and 71724?
834
Calculate the greatest common factor of 28 and 1567482.
14
Calculate the greatest common divisor of 16 and 6224.
16
Calculate the highest common divisor of 9621 and 639.
9
What is the greatest common factor of 10324 and 82948?
356
Calculate the highest common divisor of 8514 and 1903.
11
What is the greatest common factor of 512 and 339712?
256
Calculate the highest common factor of 280 and 38304.
56
What is the highest common divisor of 4753 and 147?
49
What is the highest common factor of 4959440 and 40?
40
Calculate the highest common divisor of 1092 and 249396.
84
What is the greatest common divisor of 567 and 38997?
63
What is the highest common divisor of 55071 and 1044?
261
Calculate the greatest common divisor of 94 and 504451.
47
Calculate the greatest common divisor of 154 and 4697.
77
What is the greatest common factor of 21022 and 17296?
46
Calculate the greatest common divisor of 53275 and 100.
25
What is the greatest common divisor of 16 and 78368?
16
Calculate the highest common factor of 552 and 143336.
184
What is the greatest common divisor of 2960 and 143005?
185
Calculate the highest common divisor of 9131 and 276.
23
What is the highest common factor of 90 and 856?
2
What is the highest common divisor of 158 and 40448?
158
Calculate the highest common factor of 2039198 and 56.
14
Calculate the highest common factor of 692169 and 94.
47
Calculate the greatest common factor of 10 and 44285.
5
What is the highest common divisor of 30 and 126615?
15
Calculate the highest common factor of 168734 and 5258.
478
Calculate the highest common factor of 36725 and 26.
13
What is the highest common factor of 125961 and 1388?
347
Calculate the highest common divisor of 342 and 28842.
114
Calculate the greatest common divisor of 8 and 256328.
8
Calculate the highest common divisor of 40 and 582620.
20
What is the highest common divisor of 2166 and 2508?
114
What is the highest common factor of 1392 and 18966?
174
Calculate the greatest common divisor of 1359 and 234654.
453
Calculate the greatest common divisor of 2 and 50129.
1
What is the greatest common divisor of 99762 and 78?
78
Calculate the greatest common divisor of 24 and 9693.
3
Calculate the greatest common divisor of 340 and 7180.
20
Calculate the greatest common divisor of 351 and 16809.
39
Calculate the highest common divisor of 176198 and 396.
22
What is the greatest common factor of 2021 and 7869?
43
What is the highest common divisor of 68 and 56797?
17
Calculate the greatest common divisor of 1590 and 31860.
30
Calculate the greatest common factor of 20878 and 4862.
286
What is the greatest common divisor of